common divisor of 3469 and 641345251.
3469
Calculate the highest common divisor of 1350 and 92315950.
50
Calculate the greatest common factor of 1748122 and 86.
86
Calculate the highest common divisor of 36586451 and 14219.
241
What is the highest common divisor of 13602 and 1722?
6
Calculate the highest common divisor of 11717504 and 22816.
992
Calculate the highest common factor of 94 and 9088813.
47
What is the highest common factor of 676 and 965159?
169
What is the highest common factor of 3198 and 28153306?
82
Calculate the highest common factor of 349485969 and 11151.
1239
What is the highest common factor of 209 and 39402143?
209
What is the highest common divisor of 103508126 and 3791?
223
What is the highest common factor of 3239671 and 399?
19
What is the highest common divisor of 2476631 and 475?
19
Calculate the greatest common divisor of 6 and 5949390.
6
Calculate the greatest common factor of 127054632 and 4112.
2056
Calculate the greatest common factor of 1035462 and 3162.
186
What is the highest common divisor of 168024592 and 6220?
1244
Calculate the highest common factor of 242491881 and 348.
87
Calculate the highest common divisor of 44 and 15539612.
44
Calculate the highest common factor of 492 and 26090676.
12
Calculate the highest common divisor of 33859890 and 810.
270
What is the highest common factor of 945 and 4375525?
35
What is the highest common factor of 1542216946 and 274?
274
Calculate the highest common divisor of 318 and 41098267.
53
What is the highest common divisor of 230319 and 547191?
1467
What is the greatest common divisor of 11025 and 24085215?
2205
Calculate the highest common factor of 129 and 3657099.
3
Calculate the greatest common divisor of 2217650 and 5304.
34
What is the greatest common divisor of 5643460 and 16490?
970
What is the greatest common factor of 374 and 27137?
11
Calculate the greatest common divisor of 731 and 3462169.
17
Calculate the greatest common factor of 19008590 and 10.
10
What is the highest common divisor of 11556463 and 367?
367
Calculate the greatest common factor of 16149241 and 1528.
191
What is the highest common divisor of 637034 and 5033?
719
What is the highest common factor of 17664 and 3744000?
768
What is the greatest common factor of 22087879 and 77?
11
Calculate the greatest common divisor of 181940679 and 18.
9
Calculate the highest common divisor of 16868 and 17968637.
4217
What is the greatest common divisor of 13975 and 257725?
325
What is the greatest common factor of 42743004 and 113148?
5388
Calculate the greatest common factor of 8844 and 152819898.
4422
What is the highest common divisor of 102021 and 1222764?
93
Calculate the highest common divisor of 7346691 and 12474.
99
What is the highest common divisor of 14333748 and 14872?
572
What is the highest common factor of 1653 and 2687379?
57
What is the highest common factor of 169837938 and 54?
54
Calculate the highest common divisor of 57140040 and 120.
120
What is the greatest common factor of 1252613 and 1159?
19
What is the highest common divisor of 221 and 1736319?
13
Calculate the highest common factor of 24436 and 8200.
164
Calculate the highest common factor of 8075565 and 4920.
615
Calculate the greatest common factor of 574219688 and 4936.
4936
Calculate the highest common factor of 105102 and 1746.
18
Calculate the highest common factor of 79461 and 2490105.
327
Calculate the highest common factor of 931120 and 657208.
904
What is the highest common factor of 513 and 384760773?
513
Calculate the highest common divisor of 27900 and 14477.
31
What is the highest common factor of 66 and 4175061?
33
Calculate the greatest common divisor of 18331 and 161.
23
Calculate the greatest common factor of 1404 and 3493334.
26
Calculate the highest common factor of 150939 and 57753.
279
What is the highest common factor of 905488680 and 204?
204
What is the greatest common divisor of 1369895940 and 20?
20
What is the highest common divisor of 1108677 and 33330?
303
Calculate the greatest common factor of 23803876 and 37.
37
Calculate the highest common divisor of 774 and 135288.
18
What is the greatest common divisor of 40554994 and 1322?
1322
Calculate the greatest common divisor of 295286 and 2312043.
773
Calculate the highest common factor of 237 and 10631899.
79
What is the greatest common divisor of 477895 and 4718127?
8689
Calculate the highest common divisor of 1453572 and 27544.
1252
Calculate the highest common factor of 27 and 10397601.
9
What is the greatest common factor of 1642 and 257463137?
821
What is the greatest common divisor of 5340358 and 1184?
74
What is the highest common divisor of 183840 and 7872?
96
What is the highest common factor of 6612 and 574446?
114
What is the greatest common factor of 404 and 227758030?
202
Calculate the highest common factor of 380955035 and 133.
19
What is the highest common factor of 78 and 4079114?
26
What is the greatest common divisor of 48541948 and 84?
28
What is the highest common divisor of 9048 and 126024?
24
What is the greatest common divisor of 2220 and 21811380?
60
What is the greatest common factor of 136 and 3607187432?
136
What is the greatest common divisor of 480872 and 644?
28
Calculate the highest common divisor of 4410142 and 1782.
22
What is the highest common divisor of 18379029 and 3936?
123
Calculate the greatest common divisor of 6266 and 368004.
26
Calculate the highest common divisor of 148350200 and 200.
200
What is the highest common divisor of 5948828 and 1276?
116
Calculate the greatest common divisor of 307883660 and 4144.
1036
Calculate the greatest common divisor of 87813992 and 112.
56
Calculate the highest common divisor of 17877 and 4506951.
177
Calculate the greatest common factor of 52 and 268367242.
26
Calculate the highest common divisor of 4036 and 1020161558.
2018
What is the greatest common factor of 77 and 35929201?
77
Calculate the highest common factor of 2824 and 9870233.
353
What is the greatest common factor of 1540849 and 3?
1
Calculate the greatest common divisor of 48500 and 291.
97
What is the greatest common factor of 176 and 13433872?
16
What is the highest common factor of 120700 and 4097?
17
What is the greatest common divisor of 1009502 and 88478?
1066
What is the greatest common divisor of 145341305 and 2235?
745
Calculate the greatest common factor of 642600 and 14273280.
7560
What is the highest common divisor of 5145020 and 2076?
692
Calculate the highest common factor of 18340284 and 5986.
82
Calculate the highest common factor of 62179299 and 546.
273
What is the highest common divisor of 207 and 159952626?
207
Calculate the greatest common factor of 476 and 6118300.
68
Calculate the highest common divisor of 4425044 and 31304.
2236
Calculate the highest common factor of 618167 and 473.
11
Calculate the greatest common divisor of 17509082 and 68.
34
Calculate the greatest common divisor of 2459412 and 809492.
5156
Calculate the highest common factor of 85073 and 129551.
353
Calculate the highest common factor of 446507 and 30351.
151
What is the greatest common factor of 603 and 190857?
3
What is the highest common divisor of 5731334 and 31626?
3514
Calculate the greatest common factor of 2440 and 111495.
5
Calculate the greatest common factor of 2793195 and 100.
5
Calculate the greatest common factor of 723 and 1102246758.
723
Calculate the greatest common factor of 452117 and 295.
59
Calculate the greatest common factor of 13112 and 18502.
22
What is the highest common factor of 3712 and 17394171?
29
Calculate the greatest common factor of 1135 and 4161818.
227
What is the highest common factor of 11307656 and 424?
424
Calculate the greatest common divisor of 3312225 and 98841.
2103
What is the greatest common divisor of 245784 and 3441858?
294
Calculate the highest common factor of 102361 and 578788.
49
What is the greatest common factor of 16605486 and 18?
18
Calculate the highest common divisor of 24207 and 296785889.
8069
What is the highest common factor of 1959624 and 2142?
306
Calculate the greatest common factor of 450 and 39763638.
18
Calculate the greatest common divisor of 54454550 and 50.
50
What is the greatest common factor of 596527 and 60455?
113
Calculate the 